s 263812501 a prime number?
False
Is 39959015 prime?
False
Is 710320669 a composite number?
False
Is 7966103 prime?
True
Is 52164629 prime?
False
Is 16484461 composite?
True
Is 1800621821 prime?
True
Is 425363 a composite number?
False
Is 6957263 a prime number?
False
Is 1894722847 a composite number?
False
Is 6116881 composite?
True
Is 3166067 composite?
False
Is 177846239 prime?
True
Is 42680917 a prime number?
True
Is 8670347 a composite number?
True
Is 2304443 composite?
False
Is 13729423 a prime number?
True
Is 2827159 a prime number?
True
Is 222666779 a prime number?
True
Is 4655687 composite?
False
Is 275736641 a prime number?
True
Is 36829601 prime?
False
Is 10871215 composite?
True
Is 15109933 a prime number?
False
Is 23476217 a composite number?
True
Is 2635651 a composite number?
True
Is 1889831 composite?
False
Is 48937541 prime?
True
Is 555733 a composite number?
True
Is 3256171 a composite number?
False
Is 608383 a prime number?
True
Is 18839 prime?
True
Is 41792041 a composite number?
False
Is 9816991 composite?
True
Is 403847 prime?
False
Is 880772713 a composite number?
True
Is 5627501 prime?
False
Is 14115931 a prime number?
False
Is 42577607 a composite number?
False
Is 118306957 composite?
False
Is 13637507 composite?
True
Is 31732733 a composite number?
False
Is 158970311 prime?
True
Is 16079143 a prime number?
True
Is 9254134 composite?
True
Is 41173889 prime?
True
Is 41646041 prime?
False
Is 16627729 prime?
False
Is 1833173 a composite number?
False
Is 68638585 a composite number?
True
Is 282205673 composite?
True
Is 2699479 prime?
True
Is 1458049 a prime number?
True
Is 137628529 a composite number?
False
Is 140847781 prime?
True
Is 8007143 composite?
False
Is 5070379 composite?
False
Is 129633131 a composite number?
True
Is 140685401 prime?
True
Is 32762537 a composite number?
False
Is 2593073653 composite?
False
Is 3717853 prime?
True
Is 47752603 a composite number?
True
Is 5895199 prime?
False
Is 1856449 prime?
False
Is 63029543 prime?
True
Is 11051489 a prime number?
True
Is 1571939 a composite number?
True
Is 588436259 prime?
False
Is 224579897 prime?
False
Is 240151913 prime?
True
Is 27668789 a composite number?
True
Is 264259 prime?
False
Is 66523 prime?
True
Is 524401 composite?
True
Is 728009 a composite number?
True
Is 1304689 prime?
False
Is 38690573 a prime number?
False
Is 8755699 a prime number?
True
Is 86747 composite?
True
Is 30149033 a prime number?
True
Is 4499111 a composite number?
False
Is 139596313 a prime number?
True
Is 23699747 a composite number?
False
Is 123224737 composite?
True
Is 172646009 prime?
True
Is 1792663 prime?
True
Is 153566161 a composite number?
True
Is 20269103 a composite number?
True
Is 153365315 a composite number?
True
Is 524522965 prime?
False
Is 406993 a prime number?
True
Is 9983141 prime?
False
Is 5438999 composite?
True
Is 1439333 prime?
False
Is 8604287 composite?
False
Is 2281481 a prime number?
True
Is 29467507 composite?
False
Is 9772891 prime?
True
Is 232266781 a composite number?
False
Is 144866987 prime?
False
Is 1805915 a composite number?
True
Is 12797 a composite number?
True
Is 6568126 composite?
True
Is 6512215 composite?
True
Is 60242249 a composite number?
True
Is 507075481 prime?
False
Is 2082163 a prime number?
True
Is 29005883 a composite number?
False
Is 71325505 a composite number?
True
Is 11384803 a prime number?
False
Is 3317807 prime?
True
Is 328903 a composite number?
True
Is 1405642417 composite?
True
Is 5207597 a prime number?
False
Is 688999 a composite number?
False
Is 95159609 composite?
False
Is 10618567 composite?
True
Is 1594673 composite?
True
Is 265723673 prime?
True
Is 5703679 a prime number?
True
Is 9908539 prime?
False
Is 1091219 a prime number?
True
Is 507955231 a prime number?
False
Is 561375779 prime?
True
Is 8137069 a composite number?
False
Is 44830931 prime?
True
Is 312955311 composite?
True
Is 8866967 a composite number?
False
Is 137986 prime?
False
Is 607476229 a composite number?
False
Is 8823497 a prime number?
False
Is 639461 a prime number?
False
Is 7793311 prime?
True
Is 851749 a prime number?
True
Is 9380389 prime?
False
Is 79719349 a composite number?
True
Is 9430637 a composite number?
True
Is 218357 prime?
True
Is 17052323 composite?
True
Is 152709889 a prime number?
True
Is 15249847 composite?
False
Is 649928291 prime?
True
Is 227309 composite?
True
Is 466033298 a prime number?
False
Is 176235487 a composite number?
True
Is 104893 composite?
True
Is 1230199 a composite number?
False
Is 309244321 a prime number?
True
Is 68431057 a prime number?
True
Is 2459027 composite?
False
Is 63635127 prime?
False
Is 205386019 composite?
False
Is 100203821 a composite number?
False
Is 2678789 prime?
True
Is 48647 a composite number?
False
Is 103838243 composite?
True
Is 3830341 composite?
True
Is 12066607 a composite number?
True
Is 2477567 composite?
True
Is 619301 a composite number?
True
Is 397067 a composite number?
True
Is 25866319 a prime number?
False
Is 742471 a prime number?
False
Is 28100843 a composite number?
True
Is 15017117 composite?
True
Is 2063249 a composite number?
False
Is 31750889 a prime number?
False
Is 96988613 composite?
False
Is 55882 a prime number?
False
Is 2531017 prime?
True
Is 94916783 composite?
True
Is 19469197 prime?
False
Is 34899157 composite?
False
Is 10417769 a prime number?
True
Is 22358489 composite?
True
Is 27548141 a prime number?
False
Is 2207021 a prime number?
False
Is 3502126 composite?
True
Is 373781 a prime number?
False
Is 30730955 composite?
True
Is 111518813 composite?
True
Is 21233483 a composite number?
False
Is 140991973 composite?
True
Is 55579 a composite number?
False
Is 50873267 a composite number?
False
Is 453329 a prime number?
True
Is 15495463 prime?
True
Is 94630261 composite?
True
Is 103815083 prime?
False
Is 31838617 a composite number?
False
Is 4799261 prime?
True
Is 16031735 a prime number?
False
Is 43311329 prime?
True
Is 206178239 composite?
True
Is 978002335 composite?
True
Is 6382421 prime?
True
Is 9632849 composite?
False
Is 592402 composite?
True
Is 20030363 a composite number?
False
Is 8835779 prime?
False
Is 20531887 a composite number?
True
Is 246237731 a composite number?
False
Is 179257061 composite?
True
Is 4383089 a prime number?
False
Is 2326763 prime?
True
Is 440203 composite?
False
Is 16496791 composite?
False
Is 6033883 composite?
False
Is 13729579 a composite number?
True
Is 993689 composite?
False
Is 18966251 prime?
True
Is 2580241 composite?
False
Is 5671067 a prime number?
False
Is 1981327 composite?
True
Is 34550521 a composite number?
False
Is 17202613 composite?
True
Is 10149395 a composite number?
True
Is 168072979 prime?
False
Is 47264497 a prime number?
False
Is 6847679 composite?
True
Is 17653759 prime?
True
Is 78265843 prime?
False
Is 2848171 a composite number?
False
Is 16787597 composite?
False
Is 70455626 a prime number?
False
Is 1392526 composite?
True
Is 2313847 a prime number?
True
Is 6234637 a prime number?
True
Is 3939211 composite?
True
Is 769339 composite?
False
Is 4515817 a composite number?
True
Is 75051313 a composite number?
False
Is 162159743 prime?
True
Is 1295887 a prime number?
False
Is 24323335 prime?
False
Is 12934439 a composite number?
True
Is 4932541 composite?
False
Is 127176097 prime?
False
Is 9367063 prime?
True
Is 445012781 a prime number?
False
Is 2339713 prime?
True
Is 80891597 a prime number?
True
Is 240742118 a composite number?
True
Is 4174219 a composite number?
True
Is 1730233 a prime number?
False
Is 860543 prime?
True
Is 38431 a composite number?
False
Is 64269499 prime?
False
Is 395461 composite?
True
Is 4116353 a prime number?
True
Is 166909783 a composite number?
True
Is 64179218 a composite number?
True
Is 28728883 composite?
True
Is 10061267 composite?
True
Is 1083223 a composite number?
True
Is 28527089 a prime number?
True
Is 323601667 composite?
True
Is 23438543 a prime number?
False
Is 2408507 a composite number?
False
Is 113546239 prime?
False
Is 36191289 a prime number?
False
Is 1026979 prime?
True
Is 9131806 composite?
True
Is 1587361 prime?
True
Is 3582421 a composite number?
True
Is 1797281 composite?
False
Is 316685695 composite?
True
Is 765227 a prime number?
True
Is 9912611 a comp